290 - -5284. Let v(b) = 39*b**3 + b - 1. Let x be v(1). Let o be a/(-39) + 618/x. What is the greatest common factor of 48 and o?
16
Suppose o + 192 = -4*p + 56, -2*o = -4*p - 148. Let m = p - -360. Calculate the highest common factor of 13 and m.
13
Let c(v) = v**2 - 22*v - 210. Let o be c(-23). Let b(z) = 2*z**2 - 14*z - 13. Let t be b(11). Calculate the greatest common divisor of t and o.
75
Let g be (-1853)/(-7) - 24/(-84). Let w = -118 + g. What is the highest common factor of w and 42?
21
Let i be 2*10/(-4) + 1012/(-2). Let y = i - -1086. Calculate the highest common divisor of y and 25.
25
Suppose -2*v + 2*r + 16 = 0, 5*r = -3*v - v + 41. Let q(u) = -u + 14. Let g be q(0). Let d = g + v. What is the greatest common divisor of 69 and d?
23
Let t = 182 - -76. Let g = -204 + t. What is the greatest common divisor of 270 and g?
54
Let s = -131 - -194. Let i = -701583 + 701590. Calculate the greatest common divisor of s and i.
7
Let b be 2/(-7 - (-3624)/516)*9. What is the greatest common divisor of b and 81?
9
Let v = 19092 - 16724. What is the greatest common factor of v and 832?
64
Suppose -4*p - 32 = 8. Let x be 0 - 192/p - (-6)/(-30). Let t(k) = k**3 - 20*k**2 + 19*k + 4. Let g be t(x). What is the highest common divisor of 36 and g?
4
Let b be 5/(25/(-80))*-28. Suppose -2*d - 529 - 651 = -5*s, 2*s - b = -4*d. Calculate the highest common factor of 18 and s.
18
Let m be -5*6/(-3 + 1). Let k = 7520 + -7517. What is the highest common factor of m and k?
3
Suppose -15*j + 3127 = 607. What is the highest common factor of j and 1743?
21
Suppose 0 = -3*p - 2*k + 100, -k + 2*k = 3*p - 103. Suppose -439 = -3*s - 3*a + 7*a, 3*a = 15. Calculate the greatest common divisor of s and p.
17
Suppose 3*c - 480 - 330 = 0. Calculate the highest common divisor of c and 342.
18
Let x = -13237 - -13477. Calculate the highest common divisor of 1860 and x.
60
Suppose -5*j + 3*j + 44 = 0. Suppose -550 = 16*p - 21*p. Calculate the greatest common divisor of p and j.
22
Let b be 10/4 + (-679)/2. Let i = b - -865. What is the highest common factor of i and 66?
66
Let q = -50 + 57. Suppose -2*h = -5 + q. Let u be (-3)/((-3)/(-3)*h). What is the greatest common factor of 57 and u?
3
Let z(u) = -35*u + 152. Let f be z(4). Calculate the highest common factor of f and 3072.
12
Suppose -n = 1, 3*n = 3*p + 2*p - 4323. Let f = -143 + 175. Calculate the highest common factor of p and f.
32
Let c = 188 - 137. Suppose -5*d + d + 4 = 4*m, 5 = -2*d + 5*m. Let f be (d - 0) + 9/3. Calculate the highest common factor of c and f.
3
Let y = 1008 - 928. Calculate the greatest common divisor of y and 208.
16
Let h(a) = -10*a + 16. Let g be h(2). Let i be (g*(-8)/(-40))/((-1)/460). Calculate the highest common factor of i and 23.
23
Let t(j) = 11*j + 6. Let p be t(-6). Let m = -20 - p. Let c be ((1 - 1) + 30)*5300/795. What is the greatest common factor of m and c?
40
Let p = 7471 + -6998. What is the greatest common factor of p and 319?
11
Let y = 9 + -5. Suppose -13*f + 202 = -682. What is the highest common divisor of y and f?
4
Suppose 0 = -2*w - 5*s + 21, w + 3 = -3*w + 5*s. Let i be 365/(-3 - 2) + 0. Let m = i + 76. What is the greatest common divisor of w and m?
3
Suppose 46 = 26*z - 84. Suppose -4*d = -z*d + 63. Calculate the greatest common divisor of d and 9.
9
Let l(j) = 34*j**2 + 1. Let n be l(0). Suppose -5*g + 1 = z - 32, 0 = -g + z + 9. What is the highest common factor of g and n?
1
Suppose -114*s + 34365 = 184*s - 61*s. Calculate the greatest common factor of s and 8.
1
Let r be (14/(-8) - -1)/(192/(-512)). Suppose r*f - 27 - 40 = -b, -3*b - 195 = -5*f. What is the highest common factor of 468 and f?
36
Let i = 3782 + -3155. What is the greatest common factor of 399 and i?
57
Let v = -8 - -7. Let q be v - ((-25 - -5) + 3/(-1)). Let m be (1/(-2) + -4 + 0)*-22. Calculate the highest common divisor of q and m.
11
Let j = -73 + 46. Let y = 32 + j. Let g(n) = n**3 - 12*n**2 + 15*n - 4. Let z be g(11). What is the greatest common factor of y and z?
5
Let f be (-5 - -11) + -6 + 9. Let b be ((-12)/f)/((-7)/((-1890)/(-24))). Calculate the greatest common factor of 215 and b.
5
Let t be 84*((-133)/(-7) + -9 - 8). Calculate the highest common factor of t and 567.
21
Let v be (1 - 1)/((-10)/40*4). Let g(n) = 12*n + 305. Let w be g(v). Calculate the highest common divisor of w and 122.
61
Let x(z) = -4*z**2 + 58*z - 1. Let n = -396 - -403. Let f be x(n). Calculate the highest common divisor of 38 and f.
19
Let q(v) = -24*v**3 - 16*v**2 - 69*v - 173. Let k be q(-5). What is the greatest common factor of k and 88?
44
Suppose -i - l + 470 = 0, -l = 3*i - 823 - 595. Let r = -320 + i. What is the highest common divisor of 14 and r?
14
Suppose -29*j + 115 = -114 - 148. Suppose 16 = -t + 5*t. Suppose 5*c + 125 = 5*p, 0*c + 30 = p + t*c. What is the highest common divisor of p and j?
13
Suppose -3*p = 4*m - 326, 429 = 2*m + 3*p + 263. What is the highest common divisor of 272 and m?
16
Let z = -28 - -41. Let a be -10 + (-885)/(-90) + 2/12. Let x be 144 + a + 8 + -9. What is the greatest common factor of z and x?
13
Let m = -120 + 126. Suppose -2*f + w = -30, m*f - 4*w - 78 = f. Calculate the highest common factor of 98 and f.
14
Suppose -16 = 2*s + 2. Let f be ((-92)/s - 3) + (-2)/9. What is the greatest common factor of 112 and f?
7
Suppose -j - 3 = -2*v - 1, -14 = 2*v - 5*j. Let b = 460 + -456. Let p(i) = 2*i + 4. Let y be p(b). What is the highest common factor of v and y?
3
Let w = 3590 - 3460. Calculate the highest common factor of 169 and w.
13
Let x be 2 - (-1 - 0/4). Suppose 3*s - 279 = 3*g, x*g - 8*g + 295 = 3*s. What is the highest common factor of s and 95?
95
Let r = -32610 - -32700. Calculate the highest common divisor of r and 11574.
18
Let v = 26293 + -20605. What is the greatest common divisor of v and 3?
3
Let y be -7 - (-198 - -1) - 8. What is the greatest common divisor of y and 221?
13
Suppose -1096 - 124 = -10*q. Suppose -126*j + q*j = 8. Let r be -7*(j + (4/(-2) - -1)). What is the greatest common divisor of r and 21?
21
Let k(r) = -367*r + 3287. Let i be k(8). What is the greatest common factor of 5265 and i?
351
Suppose 2*g + 0 = -8, -3*g + 24 = -3*n. Let y be 1/(-2) + (-6)/n. Suppose -36*j + 41*j - 255 = y. Calculate the greatest common divisor of 34 and j.
17
Let p be (-16 + 6)*(-2)/(-5) + 367. Suppose -5*h + 158 = -f + 2*f, -2*h = -4*f - 50. Suppose q - h = 2. What is the highest common factor of p and q?
33
Suppose 0 = -10*p - 16*p + 3588. Suppose -3 = -9*z + 8*z, 2*b = 2*z + p. What is the greatest common divisor of b and 48?
24
Let g = -230 + 234. Suppose 2*z = -5*r - 0*z + 1596, 4*r - 1272 = -g*z. What is the highest common divisor of 64 and r?
64
Let h be (-3)/2*12/(-9). Suppose h*b = -v - 5, 2*b - 5*v - 14 = 11. Suppose b = -2*l + 30 + 50. Calculate the highest common divisor of l and 16.
8
Let z be (0 + -5 - -171)*(-2)/(-4). Suppose 85 - z = a. Suppose -c - 198 = -a*c. Calculate the highest common divisor of 18 and c.
18
Let i(q) = 71*q**2 + 117*q + 6. Let d be i(-2). Let m = 2 + 3. Suppose k - 2 - m = 0. Calculate the highest common factor of d and k.
7
Let h = -405 + 575. Let a be (-8 + 2)*(1 - (-5)/(-3)). Suppose 3*q = 0, -80 - 192 = -a*o + 3*q. Calculate the greatest common factor of h and o.
34
Let q = 1964 - 1792. Calculate the greatest common divisor of q and 946.
86
Suppose -q = -5*g - 35, 18*q + 3*g - 27 = 17*q. What is the highest common factor of 915 and q?
15
Let a = 9164 - 4358. Calculate the greatest common divisor of a and 178.
178
Let y be (-2)/(-4) + (5702/4 - 1). Suppose 2*r = -5*b + y, -2*r - 285 = -b + r. Let s = 460 - b. What is the greatest common factor of s and 70?
35
Let k(h) = 12*h - 17. Let t be k(-13). Let u = 222 + t. What is the greatest common factor of 7 and u?
7
Let q = 4759 + -4734. What is the greatest common divisor of 940 and q?
5
Suppose -5*h = 5*p + 75, 2*h + 3*p + 2*p = -45. Let n be 100/(-15)*12/h. Let r be (-14)/(-10) + (-4)/10. What is the highest common divisor of r and n?
1
Suppose -165 = 7*h - 12*h. Let k = -373 + 379. Calculate the highest common factor of k and h.
3
Suppose -6512 = 410*g - 17992. Calculate the highest common factor of g and 630.
14
Let v be -1 + ((-4)/(-8)*4 - 3). Let u be 2/v - (-1 - 